{"id":14388,"date":"2024-03-10T03:30:28","date_gmt":"2024-03-10T06:30:28","guid":{"rendered":"https:\/\/pragentever.com\/locais\/optica-saude-visao-21021859000157\/"},"modified":"2024-03-10T03:46:33","modified_gmt":"2024-03-10T06:46:33","slug":"optica-saude-visao-21021859000157","status":"publish","type":"places","link":"https:\/\/pragentever.com\/locais\/optica-saude-visao-21021859000157\/","title":{"rendered":"\u00d3ptica Sa\u00fade &#038; Vis\u00e3o (21021859000157)"},"featured_media":0,"template":"","place_tags":[],"place_type":[61],"class_list":["post-14388","places","type-places","status-publish","hentry","place_type-otica"],"_links":{"self":[{"href":"https:\/\/pragentever.com\/api\/wp\/v2\/places\/14388","targetHints":{"allow":["GET"]}}],"collection":[{"href":"https:\/\/pragentever.com\/api\/wp\/v2\/places"}],"about":[{"href":"https:\/\/pragentever.com\/api\/wp\/v2\/types\/places"}],"version-history":[{"count":1,"href":"https:\/\/pragentever.com\/api\/wp\/v2\/places\/14388\/revisions"}],"predecessor-version":[{"id":14805,"href":"https:\/\/pragentever.com\/api\/wp\/v2\/places\/14388\/revisions\/14805"}],"wp:attachment":[{"href":"https:\/\/pragentever.com\/api\/wp\/v2\/media?parent=14388"}],"wp:term":[{"taxonomy":"place_tags","embeddable":true,"href":"https:\/\/pragentever.com\/api\/wp\/v2\/place_tags?post=14388"},{"taxonomy":"place_type","embeddable":true,"href":"https:\/\/pragentever.com\/api\/wp\/v2\/place_type?post=14388"}],"curies":[{"name":"wp","href":"https:\/\/api.w.org\/{rel}","templated":true}]}}

Óptica Saúde &#038; Visão (21021859000157)
